
Let n = 51 + -53. Let r(v) = -v**2 + v + 6. Let g be r(n). Let y(i) = 4 - 5*i + 3 + 4*i. Determine y(g).
7
Let h(k) = 2*k + 28. Suppose 10*o + 11 = 9*o. Calculate h(o).
6
Let b(s) = -s**2 - 8*s - 17. Let f be b(-4). Suppose 0 = -2*o + 6*o - 8. Let h(d) = o*d - 1 + 0*d - d + 0*d. Give h(f).
-2
Let y = 109 + -105. Let s(a) = a**2 - 1. Let b(h) = -2*h**2 - 4*h + 2. Let o(z) = -b(z) - 3*s(z). Give o(y).
1
Let n(b) = -16 + 0 + 1 - 3 + b - 2. Determine n(8).
-12
Let s be (((-16)/3)/2)/((-4)/6). Let i(f) = 18*f**2 - 19*f**2 - 5 - s + 6 - 6*f. Give i(-5).
2
Let o(b) = -4*b + 11. Let u(t) = -7*t + 17. Let h(y) = 5*o(y) - 3*u(y). What is h(-9)?
-5
Let s(d) = -d**3 + 6*d**2 - 5*d + 5. Suppose 5*t = 15, 3*w + 7 = 5*t + 4. What is s(w)?
17
Suppose 2*a + 4 - 14 = 0, 0 = 4*s + 4*a - 56. Suppose 5*g = -31 - s. Let u = -7 - g. Let i(l) = -3*l**2 + l - 1. Determine i(u).
-3
Let x(z) = z**2 + 6*z - 2. Let f be x(-7). Suppose 0 = -2*u - 1 + 11. Let b be 2/u + (-2)/f. Let i(w) = w - 1. Give i(b).
-1
Let l(c) = c + 3. Let x(a) = 26*a**3 - a**2 - 5*a - 5. Let q be x(-1). Let p be 9/q + (-2)/(-6). Determine l(p).
3
Let f = -2 + 2. Let k(m) = -45*m + 40*m + m**2 - 18 + 48*m - 44*m - 2*m**2. What is k(f)?
-18
Let a = 1233 + -1221. Let y(q) = q + 6. Calculate y(a).
18
Let r(b) be the first derivative of -b**4/4 + b**3/3 - 5*b + 230. Suppose 2*l = 3*c + 15, -4*c - 15 = -3*l - c. Calculate r(l).
-5
Let v(w) = w**2 + 18*w + 23. Suppose 14*p - 49 = 3*j + 13*p, 3*p + 6 = 0. Determine v(j).
6
Let b(s) = -4 - s**3 - 13*s**2 - 4 + 18*s**2 + 5*s + 5. Calculate b(6).
-9
Let q(g) be the third derivative of g**6/120 - 13*g**5/60 - g**4/12 + 19*g**3/6 + 281*g**2. Determine q(13).
-7
Let y(h) be the third derivative of -h**5/60 - h**4/12 + h**3/2 + 2*h**2. Suppose 1 = 4*s - 7. Let q be y(s). Let l(n) = -n**3 - 4*n**2 + 4*n + 1. Give l(q).
6
Let n(h) = -h**3 + 6*h**2 - 2168*h - 4 + 2168*h. Give n(5).
21
Let n(x) = x - 12. Let a = 74 + -71. Suppose -4*p = -2*r - a*p, -3*r - 3*p = 0. Calculate n(r).
-12
Let h = -1 + 4. Suppose p + h - 10 = 0. Let z(u) = u - 5. Determine z(p).
2
Let d(t) be the third derivative of -t**6/120 + t**5/60 + t**3/6 - 4*t**2. Let u = 52 - 68. Let g = -15 - u. What is d(g)?
1
Let v(t) = -2*t**2 - 6*t - 3. Let s be 1/(-5) + 121/55. Suppose -2*m = 2 + 2, s*k = 4*m. Determine v(k).
-11
Let j(q) = 6*q - 4. Let o(u) = -13*u + 9. Let y(s) = 9*j(s) + 4*o(s). Let i be -3 + 1 + (-1)/1. Give y(i).
-6
Let a(k) = -22 - 12*k + 46 + 2*k**2 - 3*k**2 - 8. Give a(-14).
-12
Suppose -2*r + 5*d - 1 = -5, 0 = -3*d. Let j be 17/(-4) + r + 14/(-8). Let x(l) = l - 1. Give x(j).
-5
Let t(p) be the second derivative of -p**3/6 + 2*p**2 + 2*p + 42. Determine t(-10).
14
Let u(a) = -3*a + 3. Let j(c) = 10*c - 7. Let x(h) = -4*j(h) - 13*u(h). Let v(g) = 6*g - 6*g**2 - 6*g + g**3. Let t be v(6). Determine x(t).
-11
Let d(g) = g**3 + 6*g**2 - 9*g - 5. Suppose 38*t - 56*t = 126. Determine d(t).
9
Let m(h) be the third derivative of -4/3*h**3 + 8*h**2 + 0*h + 0 - 1/120*h**6 + 0*h**4 + 1/10*h**5. What is m(6)?
-8
Let v(g) = 5*g - 30. Let x = -362 - -369. Give v(x).
5
Suppose 0 = 2*m - 14. Let u(x) = m*x**3 - 2*x**2 + 3 + x - 4*x**2 - 8*x**3. Determine u(-6).
-3
Suppose s = m - 3, 0 = 5*m - 6 - 19. Let b(u) be the first derivative of -u**4/4 - 2*u**3/3 + u**2 + 2*u + 5006. What is b(s)?
-10
Let c(b) = 3*b + 22*b**3 + 5*b - 3*b - 8*b**2 - 5 - 23*b**3 + 3*b. Calculate c(-9).
4
Let l(c) = -6*c - 1 + 0 + 3 + 7*c. Let t be l(0). Let h(a) = 4*a - 2. Calculate h(t).
6
Let n = -557/2 - -280. Let b(i) be the first derivative of -5 - 3*i - 1/3*i**3 - n*i**2. Give b(-2).
-1
Let n(h) = h**3 + 2*h - 3. Suppose 9*g - g = -768. Let x = g + 65. Let k = -29 - x. What is n(k)?
9
Let u(g) = -14*g**2 - 2*g - 1. Let t = -13 - -13. Let f(h) = 0*h + 4 - 15 + t*h - h. Let m be f(-10). What is u(m)?
-13
Suppose -4*g + 2 = -6. Suppose 3*l = l + g. Let s(w) = 28*w**3 + 2*w**2. Let y(k) = -35*k**3 - 3*k**2. Let x(c) = -4*s(c) - 3*y(c). Calculate x(l).
-6
Let u(a) = -2*a + 5. Let d = 116 + -108. Calculate u(d).
-11
Let b(l) = 2*l. Let t(w) = w. Let u(c) = -3*b(c) + 10*t(c). Determine u(-5).
-20
Suppose -w = -4*s + 14, -12 = 3*w - 3*s + s. Let n be w/4 - (-110)/(-20). Let o(c) = 4 - 2 - 11 - 2*c**2 - 8*c + c**2. Determine o(n).
3
Let a(l) = -15*l**2 + 1. Suppose 0 = -2*k - 4*y - 40, 3*k = -3*y - 49 + 1. Let c be (0 - -1)/((-4)/52). Let i = k - c. Calculate a(i).
-14
Let m(f) = 3*f + 22 - 3*f - 16 + 9*f - 7. What is m(4)?
35
Let t be 2/((30/9)/5). Let f(c) = 2*c**2 + 2*c + 2. Let j(k) = -3*k**2 - 2*k - 3. Let o(m) = -4*f(m) - 3*j(m). Determine o(t).
4
Let k = -1909 + 1903. Let x(z) = -z**2 - 8*z - 7. Calculate x(k).
5
Suppose 5*r - 9 = 16. Suppose -o + 5*o + 28 = -2*v, -3*o + r = -5*v. Let x be (7/v)/(15/60). Let c(z) = -z**2 - 7*z - 5. Give c(x).
-5
Suppose 2*h - 4 = 2. Suppose -4*j - 2 = 2*m, 0 = -2*j + h*m + 4 + 15. Let s(o) = 0*o + 3 + 0*o**j + 3*o - o**2 - 2. Give s(3).
1
Let k(n) be the first derivative of n**3/3 - 3*n**2 - 4*n + 1. Suppose 0 = -4*b - 4*d + 32, -d - 2 + 16 = 2*b. Determine k(b).
-4
Let s = 45 + -36. Let l(k) = k**2 - 8*k - 10. Calculate l(s).
-1
Let x(n) be the first derivative of -n**4/4 + 13*n**3/3 - n**2/2 + 15*n - 89. What is x(13)?
2
Let q be 2 - -2 - (6 + -6). Let a(s) = s + 8. Let j be a(-6). Let t(n) = -52*n - n**3 + q - 4*n**j + 58*n + 1. What is t(-5)?
0
Let f(q) = 5*q**2 + 7*q - 6. Let g(s) = -9*s**2 - 13*s + 11. Let l(u) = -11*f(u) - 6*g(u). Let d = -113 + 113. What is l(d)?
0
Let b(t) = -t**3 + 18*t**2 - 18*t + 21. Let m be b(17). Let o(s) = 12*s - 44 - m*s + 44. Give o(1).
8
Suppose -21 = -24*k + 27*k. Let h(o) be the first derivative of -o**3/3 - 7*o**2/2 - 8*o - 2. Determine h(k).
-8
Let c(j) = -41*j**2 - 6*j + 7. Let y(m) = -19*m**2 - 3*m + 3. Let f(u) = 6*c(u) - 13*y(u). Calculate f(-2).
1
Let a = -21 + 30. Let y(b) = 4*b - 6. Let i(u) = 17*u - 23. Let v(k) = a*y(k) - 2*i(k). What is v(6)?
4
Let s(c) = 824*c**2 - 823*c**2 + 41 + c + 4. Determine s(0).
45
Suppose -5*r = -r. Let c(z) be the third derivative of -z**4/24 - z**3/6 + 3*z**2. Let d(u) = -u**3 + 5*u + 13. Let i(m) = 6*c(m) + d(m). What is i(r)?
7
Let i(f) be the second derivative of f**4/6 + f**3/6 - f**2 + 9*f. Calculate i(-2).
4
Let j(w) be the second derivative of -w**5/24 - w**4/24 - 5*w**3/2 + 6*w. Let q(k) be the second derivative of j(k). Give q(-1).
4
Let y(f) = 7*f**2 - 19*f. Let n(b) = -4*b**2 + 10*b. Let p(t) = -5*n(t) - 3*y(t). Let d(z) = 32*z. Let w be d(2). Suppose 16 - w = -8*j. Give p(j).
6
Let a(k) = -6*k + 22. Suppose 0 = -76*u + 573 + 111. Calculate a(u).
-32
Let q(k) be the first derivative of -11/3*k**3 + 9 - k + 0*k**2. What is q(-1)?
-12
Let y be (-2)/(-2*(-2)/8). Suppose -2*x = -48 - 26. Let z(b) = x - 86 + 40 - b. Determine z(y).
-5
Let d(j) = j**2 + 7*j - 2. Let u(x) = x**3 + 6*x**2 - 7*x - 8. Let i be u(-7). Let w = i - -6. Let b be 3 + w/(-2)*-9. Determine d(b).
-8
Let v(g) be the first derivative of 1/2*g**2 + 2/3*g**3 - 2*g + 12 - 1/4*g**4. Determine v(2).
0
Let j(v) = -5*v**2 + 0*v + 3 + 3*v**2 - 2*v. Let z(x) = -408*x**2 + 2855*x + 9. Let w be z(7). What is j(w)?
-9
Let r(t) = t**3 - 5*t**2 + 4*t - 5. Suppose 5*q + 47 = 3*k, 5*q + 0*k = k - 39. Let j(w) = -w - 269 + 532 - 266. Let p be j(q). Give r(p).
-5
Let t(w) be the third derivative of w**6/120 - 3*w**5/20 - 3*w**4/8 - 7*w**3/3 + 591*w**2. What is t(10)?
-4
Let j(l) = l**3 - 5*l**2 + l - 12. Let a = -369 + 374. Determine j(a).
-7
Let i(l) = l - 3. Let o = -236 - -239. Give i(o).
0
Let p(j) be the second derivative of j**4/12 - 7*j**3/6 - 4*j**2 + 196*j. Let y be 3*(-2)/(-3) - -5. Give p(y).
-8
Suppose -1 = p - 7. Let n(t) = t**2 - 7*t + 3. Let q be n(p). Let d(a) = 2*a - a - 2 - 32*a**2 + 33*a**2 - 2*a. Determine d(q).
10
Let w(d) = -2*d + 6*d - 2 - 5*d + 1 - 7. Suppose 0 = q + m - 4, 0 = -q - q - 5*m + 20. Determine w(q).
-8
Let i = -4 + 5. Let y be (3 - 0) + 0/i. Let c(h) = h**3 + 2*h**3 - 4*h**y - 1 + 2*h**2. Determine c(1).
0
Let d(p) be the second derivative of -p**7/840 - p**6/72 + p**5/12 + p**4/3 - p**3/3 - 38*p. Let w(f) be the second derivative of d(f). What is w(-6)?
-16
Let f(h) be the third derivative of h**9/60480 + h**8/6720 + h**7/1680 - 11*h**5/60 + h**2. Let o(s) be the third derivative of f(s). Give o(-3).
-9
Let s(k)